{"id":2265,"date":"2022-05-11T18:46:54","date_gmt":"2022-05-11T21:46:54","guid":{"rendered":"https:\/\/www.theperformersinc.com\/v2\/?page_id=2265"},"modified":"2022-05-30T11:02:51","modified_gmt":"2022-05-30T14:02:51","slug":"la-obsesion","status":"publish","type":"page","link":"https:\/\/www.theperformersinc.com\/v2\/la-obsesion\/","title":{"rendered":"LA OBSESI\u00d3N"},"content":{"rendered":"\t\t<div data-elementor-type=\"wp-page\" data-elementor-id=\"2265\" class=\"elementor elementor-2265\">\n\t\t\t\t\t\t<section class=\"elementor-section elementor-top-section elementor-element elementor-element-615c80dd elementor-section-content-top elementor-section-boxed elementor-section-height-default elementor-section-height-default exad-glass-effect-no exad-sticky-section-no\" data-id=\"615c80dd\" data-element_type=\"section\" data-e-type=\"section\">\n\t\t\t\t\t\t<div class=\"elementor-container elementor-column-gap-no\">\n\t\t\t\t\t<div class=\"elementor-column elementor-col-100 elementor-top-column elementor-element elementor-element-ade023e exad-glass-effect-no exad-sticky-section-no\" data-id=\"ade023e\" data-element_type=\"column\" data-e-type=\"column\">\n\t\t\t<div class=\"elementor-widget-wrap elementor-element-populated\">\n\t\t\t\t\t\t<section class=\"elementor-section elementor-inner-section elementor-element elementor-element-392daf0 elementor-section-boxed elementor-section-height-default elementor-section-height-default exad-glass-effect-no exad-sticky-section-no\" data-id=\"392daf0\" data-element_type=\"section\" data-e-type=\"section\">\n\t\t\t\t\t\t<div class=\"elementor-container elementor-column-gap-default\">\n\t\t\t\t\t<div class=\"elementor-column elementor-col-50 elementor-inner-column elementor-element elementor-element-ae140df exad-glass-effect-no exad-sticky-section-no\" data-id=\"ae140df\" data-element_type=\"column\" data-e-type=\"column\">\n\t\t\t<div class=\"elementor-widget-wrap elementor-element-populated\">\n\t\t\t\t\t\t<div class=\"elementor-element elementor-element-ab3dabd exad-sticky-section-no exad-glass-effect-no elementor-widget elementor-widget-heading\" data-id=\"ab3dabd\" data-element_type=\"widget\" data-e-type=\"widget\" data-widget_type=\"heading.default\">\n\t\t\t\t<div class=\"elementor-widget-container\">\n\t\t\t\t\t<h2 class=\"elementor-heading-title elementor-size-default\">la obsesi\u00f3n<BR>\n2007<\/h2>\t\t\t\t<\/div>\n\t\t\t\t<\/div>\n\t\t\t\t<div class=\"elementor-element elementor-element-af18edd elementor-widget-divider--view-line exad-sticky-section-no exad-glass-effect-no elementor-widget elementor-widget-divider\" data-id=\"af18edd\" data-element_type=\"widget\" data-e-type=\"widget\" data-widget_type=\"divider.default\">\n\t\t\t\t<div class=\"elementor-widget-container\">\n\t\t\t\t\t\t\t<div class=\"elementor-divider\">\n\t\t\t<span class=\"elementor-divider-separator\">\n\t\t\t\t\t\t<\/span>\n\t\t<\/div>\n\t\t\t\t\t\t<\/div>\n\t\t\t\t<\/div>\n\t\t\t\t\t<\/div>\n\t\t<\/div>\n\t\t\t\t<div class=\"elementor-column elementor-col-50 elementor-inner-column elementor-element elementor-element-e566f6e exad-glass-effect-no exad-sticky-section-no\" data-id=\"e566f6e\" data-element_type=\"column\" data-e-type=\"column\">\n\t\t\t<div class=\"elementor-widget-wrap elementor-element-populated\">\n\t\t\t\t\t\t<div class=\"elementor-element elementor-element-ea9a1f4 elementor-view-default exad-sticky-section-no exad-glass-effect-no elementor-widget elementor-widget-icon\" data-id=\"ea9a1f4\" data-element_type=\"widget\" data-e-type=\"widget\" data-widget_type=\"icon.default\">\n\t\t\t\t<div class=\"elementor-widget-container\">\n\t\t\t\t\t\t\t<div class=\"elementor-icon-wrapper\">\n\t\t\t<a class=\"elementor-icon elementor-animation-pulse\" href=\"\/v2\/producciones-pasadas\/\">\n\t\t\t<i aria-hidden=\"true\" class=\"fas fa-arrow-left\"><\/i>\t\t\t<\/a>\n\t\t<\/div>\n\t\t\t\t\t\t<\/div>\n\t\t\t\t<\/div>\n\t\t\t\t\t<\/div>\n\t\t<\/div>\n\t\t\t\t\t<\/div>\n\t\t<\/section>\n\t\t\t\t<div class=\"elementor-element elementor-element-f3c19be exad-sticky-section-no exad-glass-effect-no elementor-widget elementor-widget-text-editor\" data-id=\"f3c19be\" data-element_type=\"widget\" data-e-type=\"widget\" data-widget_type=\"text-editor.default\">\n\t\t\t\t<div class=\"elementor-widget-container\">\n\t\t\t\t\t\t\t\t\t<p><strong>Sinopsis<\/strong>:<\/p><p>Emily Gault llega a la masi\u00f3n Carrell decidida a recuperar una vieja relaci\u00f3n con Guy Carrell, a pesar de la desaprobaci\u00f3n de su hermana, Kate. Guy supera sus m\u00e1s profundos miedos de ser enterrado vivo, lo suficiente como para casarse con Emily. Sin embargo pronto se vuelve obsesivo otra vez, y construye su propio ata\u00fad dotado de varias formas para poder escapar en caso de encontrarse vivo dentro de el. Tratando de probar que se ha curado de su fobia, Guy abre la tumba de su padre y cae en un estado catat\u00f3nico. Sus peores miedos se vuelven realidad cuando es enterrado vivo, para nunca saber que la traici\u00f3n de alguien muy querido ha tenido que ver con todo esto.<\/p>\t\t\t\t\t\t\t\t<\/div>\n\t\t\t\t<\/div>\n\t\t\t\t\t<\/div>\n\t\t<\/div>\n\t\t\t\t\t<\/div>\n\t\t<\/section>\n\t\t\t\t<\/div>\n\t\t","protected":false},"excerpt":{"rendered":"<p>la obsesi\u00f3n 2007 Sinopsis: Emily Gault llega a la masi\u00f3n Carrell decidida a recuperar una vieja relaci\u00f3n con Guy Carrell, a pesar de la desaprobaci\u00f3n de su hermana, Kate. Guy supera sus m\u00e1s profundos miedos de ser enterrado vivo, lo suficiente como para casarse con Emily. Sin embargo pronto se vuelve obsesivo otra vez, y [&hellip;]<\/p>\n","protected":false},"author":1,"featured_media":0,"parent":0,"menu_order":0,"comment_status":"closed","ping_status":"closed","template":"elementor_header_footer","meta":{"_joinchat":[],"footnotes":""},"class_list":["post-2265","page","type-page","status-publish","hentry"],"_links":{"self":[{"href":"https:\/\/www.theperformersinc.com\/v2\/wp-json\/wp\/v2\/pages\/2265","targetHints":{"allow":["GET"]}}],"collection":[{"href":"https:\/\/www.theperformersinc.com\/v2\/wp-json\/wp\/v2\/pages"}],"about":[{"href":"https:\/\/www.theperformersinc.com\/v2\/wp-json\/wp\/v2\/types\/page"}],"author":[{"embeddable":true,"href":"https:\/\/www.theperformersinc.com\/v2\/wp-json\/wp\/v2\/users\/1"}],"replies":[{"embeddable":true,"href":"https:\/\/www.theperformersinc.com\/v2\/wp-json\/wp\/v2\/comments?post=2265"}],"version-history":[{"count":7,"href":"https:\/\/www.theperformersinc.com\/v2\/wp-json\/wp\/v2\/pages\/2265\/revisions"}],"predecessor-version":[{"id":2461,"href":"https:\/\/www.theperformersinc.com\/v2\/wp-json\/wp\/v2\/pages\/2265\/revisions\/2461"}],"wp:attachment":[{"href":"https:\/\/www.theperformersinc.com\/v2\/wp-json\/wp\/v2\/media?parent=2265"}],"curies":[{"name":"wp","href":"https:\/\/api.w.org\/{rel}","templated":true}]}}